{"id":76,"date":"2014-11-12T17:32:48","date_gmt":"2014-11-12T22:32:48","guid":{"rendered":"http:\/\/nathaliefrancoeur.com\/wp1\/?page_id=76"},"modified":"2016-07-16T00:45:05","modified_gmt":"2016-07-16T04:45:05","slug":"mediation-familiale","status":"publish","type":"page","link":"https:\/\/nathaliefrancoeur.com\/wp1\/?page_id=76","title":{"rendered":"M\u00e9diation familiale"},"content":{"rendered":"<p><em>Lorsque la s\u00e9paration est la seule voie possible.<\/em><\/p>\n<p>La m\u00e9diation familiale est un service qui s\u2019adresse au couple avec enfant qui souhaite se s\u00e9parer, ou qui s&rsquo;est s\u00e9par\u00e9, afin d\u2019en venir \u00e0 des arrangements. Que vous soyez conjoints de fait ou mari\u00e9s, la m\u00e9diation est une d\u00e9marche de n\u00e9gociation entre les deux parties devant un m\u00e9diateur accr\u00e9dit\u00e9. Il peut \u00eatre question de\u00a0:<\/p>\n<ul>\n<li>L\u2019autorit\u00e9 parentale<\/li>\n<li>L\u2019acc\u00e8s et la r\u00e9sidence des enfants<\/li>\n<li>La pension alimentaire<\/li>\n<li>Le partage des biens ou du patrimoine familial<\/li>\n<li>L\u2019interd\u00e9pendance \u00e9conomique des conjoints<\/li>\n<\/ul>\n<p>Premier rendez-vous dans un d\u00e9lai de 7 jours ouvrables.<\/p>\n<p>Contactez-moi afin de conna\u00eetre votre admissibilit\u00e9 \u00e0 la m\u00e9diation familiale gratuite.<\/p>\n","protected":false},"excerpt":{"rendered":"<p>Lorsque la s\u00e9paration est la seule voie possible. La m\u00e9diation familiale est un service qui s\u2019adresse au couple avec enfant qui souhaite se s\u00e9parer, ou qui s&rsquo;est s\u00e9par\u00e9, afin d\u2019en venir \u00e0 des arrangements. Que vous soyez conjoints de fait<\/p>\n","protected":false},"author":1,"featured_media":0,"parent":12,"menu_order":10,"comment_status":"closed","ping_status":"open","template":"","meta":[],"_links":{"self":[{"href":"https:\/\/nathaliefrancoeur.com\/wp1\/index.php?rest_route=\/wp\/v2\/pages\/76"}],"collection":[{"href":"https:\/\/nathaliefrancoeur.com\/wp1\/index.php?rest_route=\/wp\/v2\/pages"}],"about":[{"href":"https:\/\/nathaliefrancoeur.com\/wp1\/index.php?rest_route=\/wp\/v2\/types\/page"}],"author":[{"embeddable":true,"href":"https:\/\/nathaliefrancoeur.com\/wp1\/index.php?rest_route=\/wp\/v2\/users\/1"}],"replies":[{"embeddable":true,"href":"https:\/\/nathaliefrancoeur.com\/wp1\/index.php?rest_route=%2Fwp%2Fv2%2Fcomments&post=76"}],"version-history":[{"count":7,"href":"https:\/\/nathaliefrancoeur.com\/wp1\/index.php?rest_route=\/wp\/v2\/pages\/76\/revisions"}],"predecessor-version":[{"id":166,"href":"https:\/\/nathaliefrancoeur.com\/wp1\/index.php?rest_route=\/wp\/v2\/pages\/76\/revisions\/166"}],"up":[{"embeddable":true,"href":"https:\/\/nathaliefrancoeur.com\/wp1\/index.php?rest_route=\/wp\/v2\/pages\/12"}],"wp:attachment":[{"href":"https:\/\/nathaliefrancoeur.com\/wp1\/index.php?rest_route=%2Fwp%2Fv2%2Fmedia&parent=76"}],"curies":[{"name":"wp","href":"https:\/\/api.w.org\/{rel}","templated":true}]}}